10023022
In base 3, what is 21221012001010 - 20?
21221012000220
In base 8, what is -7520203 - -15?
-7520166
In base 2, what is -11001010100 - -101101010001010?
101010000110110
In base 13, what is -477c3b - 124?
-478062
In base 16, what is -1 + -75e9f7?
-75e9f8
In base 15, what is 27 + -3d8c9?
-3d8a2
In base 5, what is 100431 + 110200?
211131
In base 16, what is 1f4 + 2757?
294b
In base 11, what is -39 + -339391?
-33941a
In base 10, what is -18 - 192273?
-192291
In base 2, what is 10100100110000001110 + -10101?
10100100101111111001
In base 3, what is 10 + 112020012110220?
112020012111000
In base 6, what is 3 + 121435035?
121435042
In base 5, what is 2011034 - -41120?
2102204
In base 14, what is -d431 - 16?
-d447
In base 6, what is 5132 - 234224?
-225052
In base 5, what is 124 - -23212234?
23212413
In base 4, what is -222001 + 101122010?
100300003
In base 7, what is 255055 + -41651?
213104
In base 5, what is 11 + -134241331?
-134241320
In base 2, what is 1001100010101110110101100 + -110011?
1001100010101110101111001
In base 8, what is 32061 + 20626?
52707
In base 3, what is 1000022021 - 200010?
222122011
In base 6, what is 2530311 - -13525?
2544240
In base 13, what is 103c93c - 0?
103c93c
In base 3, what is 212 - 22010012220122?
-22010012212210
In base 5, what is -443 - 31342034?
-31343032
In base 11, what is 15259061 + -32?
1525902a
In base 6, what is 2 + 333050313?
333050315
In base 16, what is 92f4 - -a15?
9d09
In base 14, what is -2a - 5d5c7?
-5d613
In base 11, what is -68a4123 - -5?
-68a4119
In base 14, what is 0 + 5517704?
5517704
In base 12, what is 68340aa - 16?
6834094
In base 3, what is 21122202 + -111201002?
-20001100
In base 8, what is 2005147 - 3?
2005144
In base 11, what is -6022014 + 13?
-6022001
In base 9, what is 35 - -56018?
56054
In base 11, what is 20 - -3071713?
3071733
In base 13, what is -6 - a48ca0?
-a48ca6
In base 12, what is 5 - b0a11a?
-b0a115
In base 11, what is -414413293 - 5?
-414413298
In base 9, what is -58630 + 582?
-58037
In base 4, what is 1112310031331 - 0?
1112310031331
In base 10, what is 294 - -21697?
21991
In base 13, what is 5042a - 4a?
503b0
In base 11, what is -4 - -33331601?
333315a8
In base 13, what is 0 - 8a0330?
-8a0330
In base 16, what is -8473 - 173?
-85e6
In base 3, what is -11221 + 10022102112222?
10022102101001
In base 6, what is 0 - 43541?
-43541
In base 8, what is -7 + -7156512?
-7156521
In base 12, what is -4b092 - -346?
-4a948
In base 2, what is -100 - 1000100101001000011110100110?
-1000100101001000011110101010
In base 7, what is -1256 - 162531?
-164120
In base 6, what is 23021 + 21544?
45005
In base 3, what is 101022111112012 + 12?
101022111112101
In base 5, what is -21 - -222104332?
222104311
In base 14, what is 57c + -11b7?
-a39
In base 4, what is 100033122123 - -10?
100033122133
In base 5, what is 0 + -2231442310?
-2231442310
In base 4, what is 0 - 13010320003?
-13010320003
In base 2, what is -1010101111011101011101100 - -1010?
-1010101111011101011100010
In base 16, what is -2088b - f?
-2089a
In base 15, what is 0 + -9da4301?
-9da4301
In base 2, what is -10 + 11000001010010100101101101?
11000001010010100101101011
In base 11, what is 140 + -218411a?
-2183a8a
In base 3, what is -11110211100 + -1202001?
-11112120101
In base 12, what is b2 - -2096?
2188
In base 9, what is 2 + 11425440?
11425442
In base 8, what is -427231 + -4542?
-433773
In base 3, what is -1020122 + 102112002221?
102110212022
In base 15, what is -1eee9 - 55?
-2004e
In base 14, what is 39 - -653d6c?
653da7
In base 5, what is -131003222110 - 11?
-131003222121
In base 6, what is 353 - 31011255?
-31010502
In base 10, what is 1513816 + -64?
1513752
In base 11, what is -3 - 30a554?
-30a557
In base 15, what is 4 - c2a1cc3?
-c2a1cbe
In base 13, what is 697330 - 7?
697326
In base 8, what is 676 - 13371?
-12473
In base 14, what is -194 + 4cd7d?
4cbc9
In base 10, what is 18 - -13558094?
13558112
In base 16, what is -967 - 15ab?
-1f12
In base 8, what is -27570241 + 10?
-27570231
In base 12, what is -67063a2 + 8?
-6706396
In base 6, what is -212250 + 50223?
-122023
In base 11, what is -121 - 9491a?
-94a40
In base 5, what is 122442 + 23133?
201130
In base 4, what is 1130330330232 + -10?
1130330330222
In base 6, what is -3 + -3511032230?
-3511032233
In base 2, what is 10000010001110011010 + -101?
10000010001110010101
In base 3, what is -221111112 - 222112?
-222111001
In base 16, what is -291 - -9af8?
9867
In base 11, what is 194a7 + -22a?
19278
In base 4, what is -3 + -10213010232?
-10213010301
In base 5, what is 1202334030 - 3?
1202334022
In base 4, what is 11131132 + 2002?
11133200
In base 7, what is -4454 - 63345?
-101132
In base 9, what is -188 - 27542?
-27741
In base 2, what is -1111110001101110101000 - -1?
-1111110001101110100111
In base 4, what is -1312 + 21211111120?
21211103202
In base 3, what is 111021101 + 2011001?
120102102
In base 11, what is 981 + -54a505?
-549634
In base 6, what is -2050242 - 53050?
-2143332
In base 10, what is 45 - -847486?
847531
In base 10, what is 247824 - -31?
247855
In base 12, what is baa9 - 10?
ba99
In base 13, what is 0 - -2c4355?
2c4355
In base 3, what is 1220010012010 - 2212?
1220010002021
In base 14, what is -151 + -952c0?
-95431
In base 5, what is 202200223440 + 13?
202200224003
In base 4, what is 112231120 + 1201?
112232321
In base 5, what is 12143 + -130344?
-113201
In base 14, what is 1 + 747318?
747319
In base 2, what is 10101000101111 - -100100010000?
11001100111111
In base 16, what is -5c0fd + 470?
-5bc8d
In base 9, what is -14862 - 43476?
-58448
In base 11, what is 15689 + 2a80?
18659
In base 9, what is -60365 + 8677?
-50577
In base 9, what is -14 - -382128?
382114
In base 15, what is -a8 + 2258c?
224d4
In base 3, what is -1221000011 + 1021?
-1220221220
In base 9, what is -121114 + -173?
-121287
In base 12, what is -332 + -101?
-433
In base 16, what is 1b4ba + -13?
1b4a7
In base 10, what is -3319304 - 4?
-3319308
In base 13, what is 45 + 16a632b?
16a6373
In base 5, what is 431212303203 - -4?
431212303212
In base 16, what is 17a - -9c0a0?
9c21a
In base 6, what is -2033520 - 122?
-2034042
In base 14, what is -779191 + -2?
-779193
In base 10, what is 25541761 + 2?
25541763
In base 15, what is 140 - 2881?
-2741
In base 2, what is -11 + -10001101101001010010000001?
-10001101101001010010000100
In base 7, what is 32 + 16321550?
16321612
In base 14, what is 4c + 106dd04?
106dd52
In base 15, what is 2 - c27a07?
-c27a05
In base 2, what is 1110000010011001100111100 - 1?
1110000010011001100111011
In base 6, what is 544022143 - -5?
544022152
In base 11, what is 3682 - 8a946?
-87274
In base 10, what is -25404 - 29642?
-55046
In base 16, what is 759 + ac6?
121f
In base 16, what is 258 - -b79?
dd1
In base 14, what is 62 - -970636?
970698
In base 13, what is -220a80a - -3?
-220a807
In base 7, what is -123 - -36360534?
36360411
In base 11, what is 1a2 + -243356?
-243164
In base 10, what is 196 + -30132?
-29936
In base 11, what is 81154 + a?
81163
In base 16, what is 1629 - -22f?
1858
In base 7, what is 2241 - 64160?
-61616
In base 6, what is -255224225 + 4?
-255224221
In base 9, what is -6740287 + 12?
-6740275
In base 14, what is -3121d1 + b2?
-31211d
In base 9, what is -322150 - -16?
-322133
In base 15, what is -7a + 35707?
3567c
In base 16, what is 4e + 90022?
90070
In base 9, what is -108247 + -5?
-108253
In base 15, what is 36d9a6 + a?
36d9b1
In base 7, what is 241160524 + -25?
241160466
In base 15, what is 3303d92 + -4?
3303d8d
In base 16, what is 5f + -d0f6b?
-d0f0c
In base 6, what is -4 + -524254031?
-524254035
In base 13, what is -cc709 + -15?
-cc721
In base 11, what is 5 + -9a97445?
-9a97440
In base 11, what is 20769 - -248?
20a06
In base 15, what is 7dd7 - 1411?
69c6
In base 10, what is -33 - 432309?
-432342
In base 15, what is e2 + 59de5?
59ed7
In base 2, what is 0 - 11101001000101010001101?
-11101001000101010001101
In base 10, what is -134 + 6643?
6509
In base 15, what is -94502c + 3?
-945029
In base 8, what is -652 - 1601440?
-1602312
In base 12, what is -6b26 + 2748?
-439a
In base 2, what is -1010010 - 1011100101000001101000?
-1011100101000010111010
In base 12, what is 5ab50 + -119?
5aa33
In base 7, what is -200346 - 520?
-201166
In base 7, what is -441556205 + -1?
-441556206
In base 6